10110
Convert 2163271 (base 11) to base 14.
70b708
Convert -95206 (base 13) to base 4.
-1001201122
Convert -3b061c (base 14) to base 10.
-2037250
Convert -124342151 (base 6) to base 2.
-1001010111011001010011
What is 1530276 (base 12) in base 15?
59bdc0
Convert -5c9d (base 14) to base 12.
-946b
-2313420 (base 5) to base 3
-2010020202
Convert -12453530 (base 6) to base 5.
-101133203
Convert -252124165 (base 7) to base 10.
-15905692
Convert 22aa54 (base 14) to base 7.
13021634
What is 13901f (base 16) in base 7?
13616561
-324231533 (base 6) to base 3
-101220221020110
Convert -24420520 (base 6) to base 8.
-2764140
Convert -30122231 (base 4) to base 12.
-25525
What is 20b996 (base 12) in base 9?
868606
-13776027 (base 9) to base 8
-32061201
-557015 (base 11) to base 5
-211402133
Convert 15814027 (base 9) to base 7.
124223260
Convert a29d1 (base 14) to base 4.
1133212223
-1164a41 (base 12) to base 15
-467c3d
Convert 130010201 (base 4) to base 5.
12134402
94737 (base 11) to base 4
201223330
101903c (base 14) to base 11
4316567
What is -2451b7 (base 13) in base 3?
-1122002212010
10110100100011111 (base 2) to base 11
63503
8d26c (base 14) to base 6
11210120
Convert 17462 (base 9) to base 2.
10111100001100
-341735 (base 9) to base 15
-409ce
Convert b29060 (base 12) to base 4.
22222030020
101011101010110010 (base 2) to base 13
6354c
What is -1062380 (base 13) in base 9?
-10365058
222200301 (base 4) to base 8
524061
What is 67999 (base 10) in base 11?
470a8
What is 17030 (base 14) in base 6?
1122550
1083077 (base 10) to base 14
2029c9
104316416 (base 7) to base 8
27776066
What is 243041 (base 10) in base 16?
3b561
-71708 (base 9) to base 14
-132d9
332737 (base 9) to base 14
526a5
What is 95706 (base 15) in base 11?
2a4203
What is 304212 (base 6) in base 5?
1234042
Convert 4177230 (base 12) to base 4.
233013032010
10203211200 (base 4) to base 13
32a810
-1736500 (base 11) to base 3
-12112221121022
-596b2 (base 13) to base 11
-102022
What is 406543 (base 7) in base 8?
207672
Convert -10734253 (base 9) to base 4.
-103322030301
-3965 (base 12) to base 8
-14635
-3943290 (base 10) to base 7
-45342321
-1024130223 (base 5) to base 4
-20103132222
Convert -8dc57 (base 16) to base 11.
-367315
What is 4077055 (base 8) in base 15?
1653d7
Convert 52b5e (base 15) to base 13.
925b8
-27307 (base 8) to base 14
-4515
Convert 4b398 (base 12) to base 16.
19064
Convert 340a5a8 (base 11) to base 10.
5972920
30121332333 (base 4) to base 14
609291
What is -74add2 (base 15) in base 10?
-5554997
Convert -10021120221012 (base 3) to base 11.
-a9109a
-464d39 (base 15) to base 7
-40353204
Convert 1221754 (base 12) to base 7.
41662324
-7f896 (base 16) to base 13
-153a0b
-525712 (base 8) to base 4
-222233022
What is -143a82 (base 12) in base 8?
-1225102
What is -304a264 (base 12) in base 2?
-100010100011100011101100
-533012 (base 6) to base 2
-1010100110100000
What is 355344215 (base 6) in base 7?
110650136
What is -10445 (base 9) in base 7?
-26123
7692613 (base 10) to base 14
1043605
What is 5d923 (base 14) in base 10?
229547
Convert 3230232300 (base 4) to base 7.
11145651
What is 12252303 (base 7) in base 16?
10dd90
Convert -211018 (base 9) to base 10.
-125405
What is -20fa91 (base 16) in base 9?
-4053661
Convert 68124 (base 13) to base 3.
100121110020
What is -4770023 (base 12) in base 16?
-d30b1b
What is 4201112 (base 7) in base 13?
1488b3
Convert -318161 (base 11) to base 9.
-854634
Convert -1318836 (base 12) to base 15.
-4e67a9
245028 (base 11) to base 5
44343401
Convert -42660222 (base 8) to base 3.
-122012001210200
aba81 (base 12) to base 5
24243110
541b2c (base 14) to base 15
3b3b84
Convert -1101010011111110 (base 2) to base 15.
-11251
-1011112131 (base 4) to base 3
-112102122210
-1030340301 (base 5) to base 9
-4122064
Convert -14532125 (base 6) to base 7.
-4222223
-3524555 (base 6) to base 16
-2c8f7
What is -1001111110111001011000 (base 2) in base 9?
-4827658
Convert 2302121 (base 4) to base 16.
2c99
Convert -94066a0 (base 11) to base 12.
-5684957
Convert 788a174 (base 11) to base 9.
28003387
Convert 15014400 (base 9) to base 14.
dbd011
Convert -c1937c (base 14) to base 10.
-6517698
What is 30c96b (base 14) in base 12?
675a2b
b03c17 (base 14) to base 10
5926669
1211410 (base 5) to base 4
11203022
Convert -77391 (base 10) to base 8.
-227117
Convert 1660f (base 16) to base 11.
62960
59868 (base 16) to base 14
978c8
Convert -214101004 (base 5) to base 15.
-1341a4
61866 (base 12) to base 5
13033444
Convert 211312232 (base 4) to base 11.
a6549
What is 80397 (base 13) in base 16?
37eff
Convert 1414502 (base 6) to base 9.
131782
Convert -7255532 (base 8) to base 5.
-443031210
Convert -60807c (base 14) to base 7.
-36421215
Convert -79732 (base 14) to base 16.
-48070
What is 3232143010 (base 5) in base 9?
14004743
20770774 (base 9) to base 6
554515534
Convert 10011111010100001 (base 2) to base 14.
21a25
-238c (base 14) to base 11
-4727
1507489 (base 10) to base 12
608481
What is -733730 (base 9) in base 8?
-1523137
Convert -337d12 (base 14) to base 9.
-3257201
685744 (base 12) to base 2
110010111010111100100
-58ee7 (base 15) to base 16
-45364
Convert -682a25 (base 11) to base 3.
-2001020112121
Convert 1041333312 (base 5) to base 12.
926b39
-19ab5b (base 12) to base 7
-3601520
Convert 33033121211 (base 4) to base 13.
a9b65c
What is 36538a (base 11) in base 13?
1731a5
Convert 8ba19a (base 13) to base 14.
621149
Convert 41644 (base 16) to base 8.
1013104
Convert -a633c1 (base 14) to base 13.
-1218cc9
-11242 (base 15) to base 2
-1101010011110000
16015255 (base 7) to base 8
5663373
11020203033 (base 4) to base 8
5104317
212011211 (base 4) to base 6
3202125
14440241 (base 5) to base 16
26030
-12b858 (base 12) to base 9
-522865
Convert 13210333102 (base 4) to base 7.
22612405
212156 (base 8) to base 13
26297
1661576 (base 8) to base 15
98717
Convert 11037054 (base 8) to base 13.
652168
What is 1014120044 (base 5) in base 11?
1203409
-659535 (base 10) to base 15
-d0640
What is -2da5 (base 14) in base 9?
-12200
What is -74012 (base 8) in base 6?
-354134
-120011220221 (base 3) to base 4
-1020331102
What is 23f482 (base 16) in base 2?
1000111111010010000010
What is 36305551 (base 7) in base 11?
1905a50
111000113 (base 5) to base 10
484408
Convert 10010110110011001111 (base 2) to base 7.
5151546
What is 14266614 (base 8) in base 3?
20002120111101
What is -11909 (base 13) in base 7?
-163064
Convert -575206 (base 8) to base 5.
-22221311
What is -230545646 (base 7) in base 6?
-1222042505
Convert d3b1a (base 15) to base 12.
2841ba
Convert 133d (base 15) to base 7.
14656
41333004 (base 5) to base 6
11140534
What is 3140421014 (base 5) in base 15?
89d859
-1023302232 (base 4) to base 14
-811ca
What is -1b4d7 (base 15) in base 16?
-15b14
Convert -100101011011000011100 (base 2) to base 4.
-10223120130
-461278 (base 9) to base 14
-72aba
-25204135 (base 6) to base 4
-3011222123
99328 (base 15) to base 14
c9533
What is 523206 (base 8) in base 9?
284242
Convert -163065 (base 13) to base 8.
-2060725
Convert -4c7 (base 13) to base 3.
-1011002
Convert 41324122 (base 5) to base 13.
bb580
Convert -1593477 (base 15) to base 6.
-1315305234
Convert -661166 (base 10) to base 5.
-132124131
Convert -422313021 (base 5) to base 15.
-24b8e1
What is 120345132 (base 6) in base 14?
430d32
5054333 (base 6) to base 3
110020020210
What is 10517 (base 11) in base 12?
8a00
What is 50024643 (base 7) in base 12?
146a846
-35a87 (base 11) to base 14
-14c9d
What is 433434 (base 5) in base 4?
3220111
2121262 (base 7) to base 10
257392
-10011110011011100 (base 2) to base 14
-217c0
5b9a82 (base 12) to base 3
2210122222222
-5064541 (base 8) to base 13
-37ab4a
What is -a5ad5 (base 16) in base 10?
-678613
-9b0217 (base 13) to base 5
-1413444131
What is 822605a (base 11) in base 4?
313123311103
-1234402 (base 7) to base 8
-470444
-63b4d (base 16) to base 15
-81017
-11021121112210 (base 3) to base 7
-25225266
-8245107 (base 9) to base 11
-253553a
What is -124260 (base 8) in base 14?
-11a48
What is 20848560 (base 9) in base 12?
3458069
-211032030031 (base 4) to base 14
-141dccd
What is 5500b (base 13) in base 2?
100101100011001001
What is 4507065 (base 10) in base 11?
25a9252
Convert 956573 (base 14) to base 10.
5050041
Convert -26d474 (base